+ 1070, 3*z + 853 = 4*w. What are the prime factors of w?
7, 31
Let l be 0/7 + 6/(-2). Let s = -1 - l. Suppose -5*n - s*d + 95 = 0, 2*d - 61 = -n - 2*n. What are the prime factors of n?
17
Let i(g) = 262*g**2 - 1 - 251*g**2 - 2 - 8 - 5*g - g**3. List the prime factors of i(8).
3, 47
Let q(v) = -v**3 + 6*v**2 - 4*v + 3. Let a be q(4). Let t = a - 20. What are the prime factors of (-186)/(-3)*t/(-2)?
31
Let g(r) be the third derivative of -3*r**4/8 - 3*r**3/2 - r**2. Suppose -k + 10 = -y, -2*k + 25 = -4*y - k. What are the prime factors of g(y)?
2, 3
Let y(q) = -q**3 + 17*q**2 + 33*q + 46. List the prime factors of y(15).
991
Let z = -61 - -13. Let l = 45 - z. What are the prime factors of l?
3, 31
Suppose 0*t + 4*s - 4 = 2*t, 4*t + 3*s = -8. Let h(d) be the second derivative of -11*d**3/6 - 3*d**2/2 + 9*d. What are the prime factors of h(t)?
19
Suppose 2679 = -3*c + 4941. What are the prime factors of c?
2, 13, 29
Let w(r) = -3*r + 34. Let f be w(-18). Let z = f + -53. List the prime factors of z.
5, 7
Suppose -58 = 5*j - 5*s - 2103, 407 = j + s. What are the prime factors of j?
2, 3, 17
Let d(m) = 135*m + 81. What are the prime factors of d(9)?
2, 3
Let h be ((-10)/4)/((-1)/2). Suppose -4*u - 31 = x - 2*u, -43 = x + h*u. Let i = x + 65. What are the prime factors of i?
2, 3, 7
List the prime factors of ((-7947)/(-27))/(((-2)/24)/(-1)).
2, 883
Suppose 3*s + 271 = 4*n - 16, 2*n - 366 = 4*s. Let v = s + 252. List the prime factors of v.
163
Let r be 40/60*9/2. Suppose -13 = r*f - 316. What are the prime factors of f?
101
Let i(o) = -39*o**3 + 8*o**2 + 7*o + 5. Let j(v) = v**2 + v + 1. Let q(y) = i(y) - 5*j(y). List the prime factors of q(-1).
2, 5
Let k(g) = 232*g - 10 - 224*g + 27. List the prime factors of k(16).
5, 29
Let p = 478 - 262. Suppose -6*x + p = -2*x. What are the prime factors of x?
2, 3
Let z(f) = -f**2 + 3*f + 5. Let t be z(0). Suppose -6 = -t*i + 9, 5*h + 5*i - 310 = 0. What are the prime factors of h?
59
Suppose 14445 = 29*y - 2*y. What are the prime factors of y?
5, 107
Let n(q) = 45*q**3 - q**2. List the prime factors of n(2).
2, 89
Let t be (12/10)/((-12)/(-40)). Suppose t*s - 223 = -3*r, -4*s + 3*r = -s - 162. What are the prime factors of s?
5, 11
Suppose -9 = -5*o + 2*l - 5*l, -o - 2*l - 1 = 0. Suppose o*i = 10*i - 931. What are the prime factors of i?
7, 19
Let s = -2122 + 3211. What are the prime factors of s?
3, 11
Let t = -156 - -147. Let s = 13 - 29. Let w = t - s. List the prime factors of w.
7
Let o(n) = -n**2 + n - 39. Let r be o(0). Let f = 0 - r. Suppose 2*k = -2*s + 30 + 36, 4*s = -k + f. What are the prime factors of k?
31
List the prime factors of 1042 - (-12)/(-108)*0.
2, 521
Let v = -1001 - -1785. What are the prime factors of v?
2, 7
Let i(q) = 2*q + 9. Let v be i(-4). Let z be (-4)/(v - 3) + 2. Suppose -4*x + 144 = -4*a, z*x - 2*a - 130 = -5*a. List the prime factors of x.
2, 17
Let w(p) be the first derivative of -2*p**2 - p - 4. Let u be w(-1). Suppose 4*a = -u*c + 58, 0*c + 5*a + 36 = 4*c. List the prime factors of c.
2, 7
Let w be -2 + 2*(-2)/(-4). Let f = w + 6. List the prime factors of f.
5
Let k be -94*3/(-6)*1. Suppose -46*a - 198 = -k*a. What are the prime factors of a?
2, 3, 11
Suppose 0 = 5*q - 5, -2*q = -h + 8 + 13. Suppose h = 3*o - 16. Let j = 71 - o. What are the prime factors of j?
2, 29
Let g be (6/(-5))/((-2)/5). Suppose -2*z = g*b - 113, 3*b - 89 = z + 3*z. What are the prime factors of b?
5, 7
Let q(l) = -127*l - 393. List the prime factors of q(-21).
2, 3, 379
Let p = 5 - -9. Let u = p - 8. Let g(l) = 2*l**2 - 8*l + 2. List the prime factors of g(u).
2, 13
Suppose p + 290 = -p. Let q = 90 + p. Let u = q - -83. What are the prime factors of u?
2, 7
Let p = 18 + -12. Let d = p + -3. Suppose -5*k = 5, 0*r - 2*r + d*k = -19. What are the prime factors of r?
2
Let g(o) = -o**3 - 12*o**2 - 11*o + 3. Let a be g(-11). Suppose a*t - 1400 = -4*t. Suppose 2*l + 6 = -4, 0 = 5*u - l - t. What are the prime factors of u?
3, 13
Let b(z) = -2*z**2 - 11*z + 3. Let j be (-2)/(-4) + (-209)/22. Let k be b(j). Let h = -5 - k. What are the prime factors of h?
5, 11
Let t be 806/13 + 2/1. Let h = t - 50. List the prime factors of h.
2, 7
Let j(q) = -28*q - 39. Let u be j(-16). Suppose 2*l = -3*y - 3 + 402, 0 = 2*l + y - u. List the prime factors of l.
3, 23
Suppose -2*r = 5*f + 2 - 18, -4*f + 2 = -2*r. Suppose 0 = -d - f*d + 81. Let w = d + -12. List the prime factors of w.
3, 5
Suppose 1 = m - 2. Suppose 5*o + 207 = m*p, 2*p - 3*p + 70 = -2*o. Suppose -3*r = 2*x + r - p, 3*r = -2*x + 61. What are the prime factors of x?
2, 13
Let d be 6 + 2 + -3 + 0. Suppose -24 = d*r - 9, 0 = -5*n - 5*r + 25. What are the prime factors of n?
2
Suppose -2*o = b - 461, -b + o = 2*b - 1348. List the prime factors of b.
11, 41
Suppose 49*j + 10*j = 5605. List the prime factors of j.
5, 19
Suppose -2*f - 2 + 0 = 0, -3*f - 9 = -3*u. Suppose 0 = -n - 3*c + 14, u*n + n - 3 = 4*c. Suppose -84 = n*t - 8*t. What are the prime factors of t?
2, 7
Suppose -3 = 4*u - 11. Suppose u + 21 = q. Let x = -4 + q. What are the prime factors of x?
19
Let s(p) = -p - 1. Let h be s(0). What are the prime factors of -51*(h + -3 + 3)?
3, 17
Suppose 4*o - 6916 = -5*h, 18*h - 13*h = o + 6896. List the prime factors of h.
2, 3, 5, 23
Let c be (20/(-30))/(2/66). Let g = c + 44. What are the prime factors of g?
2, 11
Let w(m) = 29*m + 14. Let p be w(-7). List the prime factors of (5/3)/((-9)/p).
5, 7
Suppose 4*a + a - 25 = 0. Suppose -a = -3*u + 1. Suppose -s + u*s = 2. List the prime factors of s.
2
Let v be (20/(-15))/(1/(-6)). Let f(d) = d**3 - 7*d**2 - d + 11. Let o be f(v). Suppose 12 = -4*a, a + o = 4*w - 0*a. What are the prime factors of w?
2
Let l = -67 + 70. List the prime factors of 5/((-20)/(-288)) + l/3.
73
Let d = -8 - -12. List the prime factors of (d - 7)/((-2)/4).
2, 3
Let q(g) = g**3 - 9*g**2 + 10*g - 12. Let l be q(8). Suppose -l*u = -0*u - 64. What are the prime factors of u/(-24) + 50/3?
2
Let g be (-1*(-4 - -1))/1. Let a be (9/(-6))/(g/(-102)). Let p = -22 + a. What are the prime factors of p?
29
Let c = 9 - 1. Let t(d) be the second derivative of d**3/6 - 3*d**2/2 + 43*d. List the prime factors of t(c).
5
Let y(s) = s**2 + 7*s + 4. Let a be y(-5). Let k = a + 8. Suppose 0*f = k*f - 12. List the prime factors of f.
2, 3
Let c(l) = -l**2 - 20*l + 8. Let v(i) = 3*i**2 + 40*i - 17. Let r(x) = -5*c(x) - 2*v(x). List the prime factors of r(8).
2, 3, 5
Suppose -5*p = -j - 2*j + 18, 9 = -3*j - 4*p. Let r(g) = -7*g**2 + 4*g + 8. Let q be r(3). What are the prime factors of (q + j)*(-1)/2?
3, 7
List the prime factors of 20/5 + (349 - -1).
2, 3, 59
Let h(u) = 50*u + 1. Let r(m) = m**2 + 4*m - 9. Let s be r(-6). What are the prime factors of h(s)?
151
Let g = 2701 - 1354. List the prime factors of g.
3, 449
Let k be 8/28 - (-36)/21. Suppose -r - s = k - 1, -5 = 5*s. Suppose 2*f + r - 14 = 0. List the prime factors of f.
7
Let x(p) = p**2 + p + 14. Let a(v) = v**2 - v - 2. Let c be a(2). Let l be x(c). Suppose -o + 43 = -l. What are the prime factors of o?
3, 19
Suppose -2*i + 5*w + 136 = i, 0 = -5*w - 25. Suppose 4*v = -3*m + 307, 163 = 2*m + 5*v - i. What are the prime factors of m?
3, 5, 7
Let k = 407 + -635. Let r = -134 - k. What are the prime factors of r?
2, 47
Suppose -28*d + 3803 + 5129 = 0. List the prime factors of d.
11, 29
Let o(a) = 2*a**2 - 34*a - 19. Let q(d) = 3*d**2 - 35*d - 20. Let y(l) = 5*o(l) - 4*q(l). What are the prime factors of y(-12)?
3, 19
Let m(p) = -p**3 + 15*p**2 - 4*p + 16. Let t be m(15). Let f be 1375/t + (-1)/(-4). Let w = 102 + f. List the prime factors of w.
71
Let d = 38 - 34. What are the prime factors of (14/d)/((-4)/(-24))?
3, 7
Let c be -3 + (112/4 - -1). Let d(y) = 31*y**3 + y**2 - y + 1. Let x be d(1). Let j = x - c. What are the prime factors of j?
2, 3
Let w = 5289 - 3743. What are the prime factors of w?
2, 773
Let h(f) = 132*f - 123. List the prime factors of h(2).
3, 47
Let r(p) = p + 1. Let v be r(-6). Let i = -8 - v. List the prime factors of 6/4*(-22)/i.
11
Let x(l) = -4*l - 16. Let j be -3*(-3 + 38/6). List the prime factors of x(j).
2, 3
Suppose -7*t + 2*t + 134 = 3*w, 3*w = 9. List the prime factors of t.
5
Suppose 21 = 4*q - 3*q. Let j(w) = -w**2 - 4*w + 14. Let a be j(-6). Suppose t 